 is divided by 77911?
12
Calculate the remainder when 5952 is divided by 413.
170
What is the remainder when 3073843 is divided by 1207?
821
What is the remainder when 3075128 is divided by 257?
123
What is the remainder when 106245 is divided by 1580?
385
Calculate the remainder when 1333844 is divided by 337.
335
What is the remainder when 65721547 is divided by 66?
1
What is the remainder when 34610 is divided by 343?
310
Calculate the remainder when 21255 is divided by 21241.
14
Calculate the remainder when 24191567 is divided by 95.
7
Calculate the remainder when 7019506 is divided by 1037.
53
Calculate the remainder when 31744185 is divided by 18684.
69
Calculate the remainder when 3596505 is divided by 4.
1
What is the remainder when 583629 is divided by 17679?
222
Calculate the remainder when 156668490 is divided by 406.
398
Calculate the remainder when 39724010 is divided by 6881.
6878
What is the remainder when 472656 is divided by 1757?
23
What is the remainder when 230666051 is divided by 556?
555
What is the remainder when 854224 is divided by 5146?
5134
What is the remainder when 2775080 is divided by 530?
0
What is the remainder when 469985863 is divided by 46?
45
What is the remainder when 56661013 is divided by 4979?
4972
Calculate the remainder when 4722835 is divided by 502.
19
What is the remainder when 2856306 is divided by 62?
28
What is the remainder when 3926248 is divided by 436249?
7
What is the remainder when 220921723 is divided by 73?
71
Calculate the remainder when 155864373 is divided by 104818.
7
Calculate the remainder when 68911 is divided by 2211.
370
Calculate the remainder when 371780 is divided by 4085.
45
What is the remainder when 379592 is divided by 2481?
2480
Calculate the remainder when 19799329 is divided by 407.
0
Calculate the remainder when 293164 is divided by 2274.
2092
What is the remainder when 1306973 is divided by 1504?
1501
Calculate the remainder when 1042009 is divided by 173653.
91
Calculate the remainder when 214944829 is divided by 466.
465
Calculate the remainder when 3392515 is divided by 6.
1
What is the remainder when 5403363 is divided by 160?
3
Calculate the remainder when 282913 is divided by 482.
461
What is the remainder when 2500087 is divided by 86208?
55
Calculate the remainder when 3682940 is divided by 1841071.
798
Calculate the remainder when 45206 is divided by 43269.
1937
What is the remainder when 19219395 is divided by 9609692?
11
What is the remainder when 21411 is divided by 10436?
539
What is the remainder when 892595 is divided by 27047?
44
Calculate the remainder when 178248 is divided by 14003.
10212
What is the remainder when 272349 is divided by 15099?
567
Calculate the remainder when 76824820 is divided by 175.
170
Calculate the remainder when 90230 is divided by 64.
54
Calculate the remainder when 12536 is divided by 4148.
92
What is the remainder when 42305 is divided by 6878?
1037
What is the remainder when 29549616 is divided by 351?
330
Calculate the remainder when 9742728 is divided by 1492.
1460
What is the remainder when 1005633 is divided by 192?
129
Calculate the remainder when 84587292 is divided by 70.
62
What is the remainder when 12228612 is divided by 7?
4
Calculate the remainder when 49732 is divided by 132.
100
What is the remainder when 172427 is divided by 1287?
1256
Calculate the remainder when 33462656 is divided by 819.
773
What is the remainder when 1934157 is divided by 4107?
3867
Calculate the remainder when 8248 is divided by 7876.
372
What is the remainder when 4119366 is divided by 55667?
8
Calculate the remainder when 6816804 is divided by 41.
21
What is the remainder when 20649061 is divided by 67?
63
Calculate the remainder when 42521110 is divided by 283474.
10
Calculate the remainder when 251504 is divided by 767.
695
What is the remainder when 76545996 is divided by 19587?
0
What is the remainder when 5063 is divided by 3935?
1128
What is the remainder when 12155539 is divided by 306?
301
Calculate the remainder when 1908907 is divided by 88.
11
What is the remainder when 359755 is divided by 5710?
25
What is the remainder when 7424559 is divided by 2692?
23
What is the remainder when 1052166 is divided by 45737?
215
Calculate the remainder when 663356 is divided by 96.
92
Calculate the remainder when 690544 is divided by 172620.
64
Calculate the remainder when 6948744 is divided by 169478.
146
Calculate the remainder when 99700011 is divided by 3817.
3788
What is the remainder when 30290 is divided by 5923?
675
Calculate the remainder when 43354367 is divided by 558.
557
What is the remainder when 17987205 is divided by 6424?
5
Calculate the remainder when 5190667 is divided by 5259.
34
Calculate the remainder when 10230028 is divided by 853.
852
What is the remainder when 13045 is divided by 1347?
922
What is the remainder when 417964 is divided by 413024?
4940
What is the remainder when 12412587 is divided by 13419?
12
What is the remainder when 11400082 is divided by 25792?
18
Calculate the remainder when 33412485 is divided by 183585.
15
Calculate the remainder when 18417 is divided by 1311.
63
Calculate the remainder when 133478916 is divided by 274084.
8
Calculate the remainder when 301313 is divided by 209.
144
Calculate the remainder when 237715 is divided by 79231.
22
What is the remainder when 961251 is divided by 961217?
34
What is the remainder when 20471 is divided by 2534?
199
Calculate the remainder when 957813 is divided by 251.
248
Calculate the remainder when 39631 is divided by 19778.
75
What is the remainder when 26283776 is divided by 332?
0
What is the remainder when 483091 is divided by 235671?
11749
Calculate the remainder when 1242402 is divided by 155296.
34
Calculate the remainder when 33628143 is divided by 1217.
1216
Calculate the remainder when 7260705 is divided by 15.
0
Calculate the remainder when 8035608 is divided by 7809.
147
Calculate the remainder when 115031 is divided by 1401.
149
What is the remainder when 261704 is divided by 30?
14
Calculate the remainder when 43292 is divided by 7121.
566
What is the remainder when 1033592 is divided by 188?
156
Calculate the remainder when 135056 is divided by 6431.
5
Calculate the remainder when 63797 is divided by 110.
107
Calculate the remainder when 98924 is divided by 9873.
194
Calculate the remainder when 1089291 is divided by 31.
13
What is the remainder when 939101 is divided by 10206?
149
What is the remainder when 109567 is divided by 602?
3
What is the remainder when 2546154 is divided by 509227?
19
Calculate the remainder when 748026 is divided by 1283.
37
Calculate the remainder when 1993381 is divided by 822.
31
Calculate the remainder when 971922 is divided by 9436.
14
Calculate the remainder when 1113302 is divided by 14273.
8
What is the remainder when 122900985 is divided by 37?
9
What is the remainder when 25924899 is divided by 253?
242
Calculate the remainder when 240422296 is divided by 95.
1
Calculate the remainder when 1306719 is divided by 22527.
153
What is the remainder when 548937 is divided by 137228?
25
What is the remainder when 1016 is divided by 17?
13
Calculate the remainder when 907052 is divided by 69.
47
Calculate the remainder when 25760 is divided by 7572.
3044
What is the remainder when 40137055 is divided by 48?
31
What is the remainder when 312598 is divided by 798?
580
Calculate the remainder when 7576791 is divided by 1158.
1155
What is the remainder when 1081782 is divided by 744?
6
Calculate the remainder when 1650378 is divided by 412588.
26
Calculate the remainder when 12512135 is divided by 102.
101
What is the remainder when 4135197 is divided by 196879?
738
What is the remainder when 553175 is divided by 1434?
1085
What is the remainder when 2859558 is divided by 1885?
13
What is the remainder when 3027401 is divided by 3170?
51
What is the remainder when 751216 is divided by 123?
55
What is the remainder when 730447 is divided by 427?
277
Calculate the remainder when 13917314 is divided by 29.
11
Calculate the remainder when 5985186 is divided by 16220.
6
What is the remainder when 154258 is divided by 886?
94
Calculate the remainder when 6469174 is divided by 247.
244
What is the remainde